{"version":"1.0","provider_name":"Fruit and Vegetable Dispute Resolution Corporation","provider_url":"https:\/\/fvdrc.com\/fr\/","title":"Am\u00e9liorer votre capacit\u00e9 \u00e0 exporter au Canada avec succ\u00e8s - Fruit and Vegetable Dispute Resolution Corporation","type":"rich","width":600,"height":338,"html":"<blockquote class=\"wp-embedded-content\" data-secret=\"dKcsUAaxhX\"><a href=\"https:\/\/fvdrc.com\/fr\/solutions\/strengthening-capabilities-successfully-export-canada\/\">Am\u00e9liorer votre capacit\u00e9 \u00e0 exporter au Canada avec succ\u00e8s<\/a><\/blockquote><iframe sandbox=\"allow-scripts\" security=\"restricted\" src=\"https:\/\/fvdrc.com\/fr\/solutions\/strengthening-capabilities-successfully-export-canada\/embed\/#?secret=dKcsUAaxhX\" width=\"600\" height=\"338\" title=\"&#8220;Am\u00e9liorer votre capacit\u00e9 \u00e0 exporter au Canada avec succ\u00e8s&#8221; &#8212; Fruit and Vegetable Dispute Resolution Corporation\" data-secret=\"dKcsUAaxhX\" frameborder=\"0\" marginwidth=\"0\" marginheight=\"0\" scrolling=\"no\" class=\"wp-embedded-content\"><\/iframe><script>\n\/*! This file is auto-generated *\/\n!function(d,l){\"use strict\";l.querySelector&&d.addEventListener&&\"undefined\"!=typeof URL&&(d.wp=d.wp||{},d.wp.receiveEmbedMessage||(d.wp.receiveEmbedMessage=function(e){var t=e.data;if((t||t.secret||t.message||t.value)&&!\/[^a-zA-Z0-9]\/.test(t.secret)){for(var s,r,n,a=l.querySelectorAll('iframe[data-secret=\"'+t.secret+'\"]'),o=l.querySelectorAll('blockquote[data-secret=\"'+t.secret+'\"]'),c=new RegExp(\"^https?:$\",\"i\"),i=0;i<o.length;i++)o[i].style.display=\"none\";for(i=0;i<a.length;i++)s=a[i],e.source===s.contentWindow&&(s.removeAttribute(\"style\"),\"height\"===t.message?(1e3<(r=parseInt(t.value,10))?r=1e3:~~r<200&&(r=200),s.height=r):\"link\"===t.message&&(r=new URL(s.getAttribute(\"src\")),n=new URL(t.value),c.test(n.protocol))&&n.host===r.host&&l.activeElement===s&&(d.top.location.href=t.value))}},d.addEventListener(\"message\",d.wp.receiveEmbedMessage,!1),l.addEventListener(\"DOMContentLoaded\",function(){for(var e,t,s=l.querySelectorAll(\"iframe.wp-embedded-content\"),r=0;r<s.length;r++)(t=(e=s[r]).getAttribute(\"data-secret\"))||(t=Math.random().toString(36).substring(2,12),e.src+=\"#?secret=\"+t,e.setAttribute(\"data-secret\",t)),e.contentWindow.postMessage({message:\"ready\",secret:t},\"*\")},!1)))}(window,document);\n\/\/# sourceURL=https:\/\/fvdrc.com\/wp-includes\/js\/wp-embed.min.js\n<\/script>\n","thumbnail_url":"https:\/\/secureservercdn.net\/104.238.70.184\/t8t.979.mwp.accessdomain.com\/wp-content\/uploads\/2017\/04\/promexico-small.png?time=1662217403","thumbnail_width":400,"thumbnail_height":250,"description":"Le gestionnaire de l\u2019assistance commerciale de la DRC, Jaime Bustamante, \u00e9tait l\u2019un des conf\u00e9renciers-invit\u00e9s \u00e0 un webinaire de perfectionnement intitul\u00e9 Strengthening your capabilities to successfully export to Canada. Organis\u00e9 par PROMEXICO, le minist\u00e8re canadien des Affaires mondiales et le Bureau de promotion du commerce du Canada, le s\u00e9minaire en ligne a \u00e9t\u00e9 fort suivi. L\u2019auditoire [&hellip;]"}

Améliorer votre capacité à exporter au Canada avec succès - Fruit and Vegetable Dispute Resolution Corporation

<blockquote class="wp-embedded-content" data-secret="dKcsUAaxhX"><a href="https://fvdrc.com/fr/solutions/strengthening-capabilities-successfully-export-canada/">Améliorer votre capacité à exporter au Canada avec succès</a></blockquote><iframe sandbox="allow-scripts" security="restricted" src="https://fvdrc.com/fr/solutions/strengthening-capabilities-successfully-export-canada/embed/#?secret=dKcsUAaxhX" width="600" height="338" title="&#8220;Améliorer votre capacité à exporter au Canada avec succès&#8221; &#8212; Fruit and Vegetable Dispute Resolution Corporation" data-secret="dKcsUAaxhX" frameborder="0" marginwidth="0" marginheight="0" scrolling="no" class="wp-embedded-content"></iframe><script>
/*! This file is auto-generated */
!function(d,l){"use strict";l.querySelector&&d.addEventListener&&"undefined"!=typeof URL&&(d.wp=d.wp||{},d.wp.receiveEmbedMessage||(d.wp.receiveEmbedMessage=function(e){var t=e.data;if((t||t.secret||t.message||t.value)&&!/[^a-zA-Z0-9]/.test(t.secret)){for(var s,r,n,a=l.querySelectorAll('iframe[data-secret="'+t.secret+'"]'),o=l.querySelectorAll('blockquote[data-secret="'+t.secret+'"]'),c=new RegExp("^https?:$","i"),i=0;i<o.length;i++)o[i].style.display="none";for(i=0;i<a.length;i++)s=a[i],e.source===s.contentWindow&&(s.removeAttribute("style"),"height"===t.message?(1e3<(r=parseInt(t.value,10))?r=1e3:~~r<200&&(r=200),s.height=r):"link"===t.message&&(r=new URL(s.getAttribute("src")),n=new URL(t.value),c.test(n.protocol))&&n.host===r.host&&l.activeElement===s&&(d.top.location.href=t.value))}},d.addEventListener("message",d.wp.receiveEmbedMessage,!1),l.addEventListener("DOMContentLoaded",function(){for(var e,t,s=l.querySelectorAll("iframe.wp-embedded-content"),r=0;r<s.length;r++)(t=(e=s[r]).getAttribute("data-secret"))||(t=Math.random().toString(36).substring(2,12),e.src+="#?secret="+t,e.setAttribute("data-secret",t)),e.contentWindow.postMessage({message:"ready",secret:t},"*")},!1)))}(window,document);
//# sourceURL=https://fvdrc.com/wp-includes/js/wp-embed.min.js
</script>

Le gestionnaire de l’assistance commerciale de la DRC, Jaime Bustamante, était l’un des conférenciers-invités à un webinaire de perfectionnement intitulé Strengthening your capabilities to successfully export to Canada. Organisé par PROMEXICO, le ministère canadien des Affaires mondiales et le Bureau de promotion du commerce du Canada, le séminaire en ligne a été fort suivi. L’auditoire [&hellip;]
