{"version":"1.0","provider_name":"Fruit and Vegetable Dispute Resolution Corporation","provider_url":"https:\/\/fvdrc.com\/fr\/","title":"Kevin Smith \u2013 R\u00e9flexions apr\u00e8s mes cinq premiers mois - Fruit and Vegetable Dispute Resolution Corporation","type":"rich","width":600,"height":338,"html":"<blockquote class=\"wp-embedded-content\" data-secret=\"CpQllNMrBc\"><a href=\"https:\/\/fvdrc.com\/fr\/solutions\/kevin-smith-reflexions-apres-mes-cinq-premiers-mois\/\">Kevin Smith \u2013 R\u00e9flexions apr\u00e8s mes cinq premiers mois<\/a><\/blockquote><iframe sandbox=\"allow-scripts\" security=\"restricted\" src=\"https:\/\/fvdrc.com\/fr\/solutions\/kevin-smith-reflexions-apres-mes-cinq-premiers-mois\/embed\/#?secret=CpQllNMrBc\" width=\"600\" height=\"338\" title=\"&#8220;Kevin Smith \u2013 R\u00e9flexions apr\u00e8s mes cinq premiers mois&#8221; &#8212; Fruit and Vegetable Dispute Resolution Corporation\" data-secret=\"CpQllNMrBc\" frameborder=\"0\" marginwidth=\"0\" marginheight=\"0\" scrolling=\"no\" class=\"wp-embedded-content\"><\/iframe><script>\n\/*! This file is auto-generated *\/\n!function(d,l){\"use strict\";l.querySelector&&d.addEventListener&&\"undefined\"!=typeof URL&&(d.wp=d.wp||{},d.wp.receiveEmbedMessage||(d.wp.receiveEmbedMessage=function(e){var t=e.data;if((t||t.secret||t.message||t.value)&&!\/[^a-zA-Z0-9]\/.test(t.secret)){for(var s,r,n,a=l.querySelectorAll('iframe[data-secret=\"'+t.secret+'\"]'),o=l.querySelectorAll('blockquote[data-secret=\"'+t.secret+'\"]'),c=new RegExp(\"^https?:$\",\"i\"),i=0;i<o.length;i++)o[i].style.display=\"none\";for(i=0;i<a.length;i++)s=a[i],e.source===s.contentWindow&&(s.removeAttribute(\"style\"),\"height\"===t.message?(1e3<(r=parseInt(t.value,10))?r=1e3:~~r<200&&(r=200),s.height=r):\"link\"===t.message&&(r=new URL(s.getAttribute(\"src\")),n=new URL(t.value),c.test(n.protocol))&&n.host===r.host&&l.activeElement===s&&(d.top.location.href=t.value))}},d.addEventListener(\"message\",d.wp.receiveEmbedMessage,!1),l.addEventListener(\"DOMContentLoaded\",function(){for(var e,t,s=l.querySelectorAll(\"iframe.wp-embedded-content\"),r=0;r<s.length;r++)(t=(e=s[r]).getAttribute(\"data-secret\"))||(t=Math.random().toString(36).substring(2,12),e.src+=\"#?secret=\"+t,e.setAttribute(\"data-secret\",t)),e.contentWindow.postMessage({message:\"ready\",secret:t},\"*\")},!1)))}(window,document);\n\/\/# sourceURL=https:\/\/fvdrc.com\/wp-includes\/js\/wp-embed.min.js\n<\/script>\n","thumbnail_url":"https:\/\/secureservercdn.net\/104.238.70.184\/t8t.979.mwp.accessdomain.com\/wp-content\/uploads\/2021\/04\/Kevin_Web_Colour-e1630507299481.jpg?time=1662217403","thumbnail_width":969,"thumbnail_height":1212,"description":"Je suis tr\u00e8s heureux d\u2019avoir \u00e9t\u00e9 choisi comme nouveau vice-pr\u00e9sident, Op\u00e9rations, de la Corporation de r\u00e8glement des diff\u00e9rends dans les fruits et l\u00e9gumes. Ce sont de grands souliers \u00e0 chausser alors que Fred Webber prend une retraite bien m\u00e9rit\u00e9e et que Luc Mougeot lui succ\u00e8de \u00e0 titre de pr\u00e9sident-directeur g\u00e9n\u00e9ral. L\u2019accueil chaleureux dont on a [&hellip;]"}

Kevin Smith – Réflexions après mes cinq premiers mois - Fruit and Vegetable Dispute Resolution Corporation

<blockquote class="wp-embedded-content" data-secret="CpQllNMrBc"><a href="https://fvdrc.com/fr/solutions/kevin-smith-reflexions-apres-mes-cinq-premiers-mois/">Kevin Smith – Réflexions après mes cinq premiers mois</a></blockquote><iframe sandbox="allow-scripts" security="restricted" src="https://fvdrc.com/fr/solutions/kevin-smith-reflexions-apres-mes-cinq-premiers-mois/embed/#?secret=CpQllNMrBc" width="600" height="338" title="&#8220;Kevin Smith – Réflexions après mes cinq premiers mois&#8221; &#8212; Fruit and Vegetable Dispute Resolution Corporation" data-secret="CpQllNMrBc" frameborder="0" marginwidth="0" marginheight="0" scrolling="no" class="wp-embedded-content"></iframe><script>
/*! This file is auto-generated */
!function(d,l){"use strict";l.querySelector&&d.addEventListener&&"undefined"!=typeof URL&&(d.wp=d.wp||{},d.wp.receiveEmbedMessage||(d.wp.receiveEmbedMessage=function(e){var t=e.data;if((t||t.secret||t.message||t.value)&&!/[^a-zA-Z0-9]/.test(t.secret)){for(var s,r,n,a=l.querySelectorAll('iframe[data-secret="'+t.secret+'"]'),o=l.querySelectorAll('blockquote[data-secret="'+t.secret+'"]'),c=new RegExp("^https?:$","i"),i=0;i<o.length;i++)o[i].style.display="none";for(i=0;i<a.length;i++)s=a[i],e.source===s.contentWindow&&(s.removeAttribute("style"),"height"===t.message?(1e3<(r=parseInt(t.value,10))?r=1e3:~~r<200&&(r=200),s.height=r):"link"===t.message&&(r=new URL(s.getAttribute("src")),n=new URL(t.value),c.test(n.protocol))&&n.host===r.host&&l.activeElement===s&&(d.top.location.href=t.value))}},d.addEventListener("message",d.wp.receiveEmbedMessage,!1),l.addEventListener("DOMContentLoaded",function(){for(var e,t,s=l.querySelectorAll("iframe.wp-embedded-content"),r=0;r<s.length;r++)(t=(e=s[r]).getAttribute("data-secret"))||(t=Math.random().toString(36).substring(2,12),e.src+="#?secret="+t,e.setAttribute("data-secret",t)),e.contentWindow.postMessage({message:"ready",secret:t},"*")},!1)))}(window,document);
//# sourceURL=https://fvdrc.com/wp-includes/js/wp-embed.min.js
</script>

Je suis très heureux d’avoir été choisi comme nouveau vice-président, Opérations, de la Corporation de règlement des différends dans les fruits et légumes. Ce sont de grands souliers à chausser alors que Fred Webber prend une retraite bien méritée et que Luc Mougeot lui succède à titre de président-directeur général. L’accueil chaleureux dont on a [&hellip;]
